 the greatest common factor of 139 and o.
139
Let z(s) = s**3 - 8*s**2 + 9*s + 9. Let r be 69/(-2)*(-18)/(-27). Let l = r + 30. Let u be z(l). What is the highest common factor of 69 and u?
23
Let g be -2*(-2 + (-3)/6). Suppose -g*r + 758 - 58 = 0. Let y(a) = 19*a**3 + 1. Let z be y(1). What is the greatest common divisor of z and r?
20
Suppose 2*z - 254 = -4*n, -114*n + 112 = z - 117*n. Calculate the highest common factor of 165 and z.
11
Let s = 41 - 16. Let t = -292 - -302. What is the greatest common factor of t and s?
5
Let f = 8322 - 8301. What is the greatest common divisor of f and 1113?
21
Let w(r) = -6*r**3 - 9*r**2 - 8. Let i(h) = -2*h**2 - h - 1. Let o(q) = -6*i(q) + w(q). Let k be o(-3). Calculate the greatest common factor of k and 13.
13
Suppose -494 + 117 = 29*p. Let b(q) = q**2 + 12*q - 9. Let g be b(p). What is the greatest common divisor of g and 28?
4
Suppose -3*x = -2*l + 41, 2*x - 101 + 65 = -2*l. Calculate the greatest common divisor of l and 6517.
19
Let p be 1*((-2 - -5) + 2). Suppose -2*t - f + 233 = 0, -46*t = -48*t + 4*f + 218. What is the highest common divisor of t and p?
5
Let p(w) = -21*w - 1. Let y be p(-3). Let f(b) = b**2 - 198*b + 1522. Let q be f(8). Calculate the greatest common factor of y and q.
2
Suppose -5*c = 3*g - 53 - 31, -3*c = 4*g - 35. What is the highest common divisor of c and 3129?
21
Suppose 3*o + 2*a = 160, 5*o - 297*a - 330 = -294*a. Let y = 69 - 9. What is the greatest common factor of y and o?
60
Let b = 132 + -219. Let v be (0 + 200/14)/(b/(-609)). What is the highest common factor of v and 25?
25
Let r(p) = 2*p**2 + 11*p + 26. Let k(v) = v**2 - 22*v + 18. Let m be k(21). Let x be r(m). Calculate the highest common factor of 4 and x.
1
Let d be (20/30)/((-1)/6) - -603. Let i = -566 + d. Calculate the greatest common divisor of 231 and i.
33
Let g be (49 - 13)*1*7. Suppose -4*t = -r - 112, 5*t - 140 = 4*r - 3*r. What is the highest common divisor of g and t?
28
Let n(z) = -2*z**3 + 68*z**2 + 63*z + 789. Let g be n(35). What is the highest common divisor of g and 192?
32
Let v be 2*(-3)/((-15)/10). Let m be (62/v)/((-1)/(-2)). Calculate the greatest common divisor of m and 217.
31
Let q(y) = y**2 - 267*y - 3948. Let d be q(-15). Calculate the highest common divisor of d and 18.
6
Let y = -7455 + 7461. Let m = 3 + -1. Let i be (m/(-2))/((-2)/18). What is the highest common factor of i and y?
3
Let b be (-14)/(-7) - (79 + -1). Suppose 5*p = -3*o + 522, 4*o + 18 + 196 = 2*p. Let r be p/(-42)*b/10. Calculate the greatest common factor of r and 95.
19
Let v(k) = 2*k**3 + 152*k**2 - 158*k - 195. Let y be v(-77). Calculate the greatest common factor of 113 and y.
113
Let f be 17858/5 + 21/(-3) - (-3)/(-5). Calculate the highest common divisor of f and 9.
9
Let m(a) = a - 1. Let i be m(1). Let p(b) = 65*b**3 - 136*b**3 + 80 + 70*b**3 + 3*b. Let j be p(i). Calculate the highest common factor of j and 32.
16
Let d = -414 - -711. Suppose d + 183 = 16*l. Calculate the greatest common divisor of 20 and l.
10
Let t be (-94 + -1)*1/(-1). Let r(a) = 67*a + 1059. Let i be r(-15). Let v = t - i. Calculate the greatest common factor of v and 451.
41
Let s be (-15)/6 - 2823*70/(-84). What is the greatest common factor of s and 50?
50
Let a = 5105 + -5097. What is the greatest common factor of 4276 and a?
4
Let b = -29113 + 29181. What is the highest common factor of 20366 and b?
34
Let d(n) = -42*n - 6. Let j be d(-5). Let p(u) = 5*u**2 + 3*u + 5. Let t be p(-3). Let l = -29 + t. What is the greatest common divisor of j and l?
12
Let m = 584 - 314. Let q = -245 + m. What is the greatest common divisor of q and 375?
25
Suppose 1501 = 75*g - 1349. What is the highest common factor of 58 and g?
2
Let w(x) = -x**3 - 7*x**2 - 16*x - 57. Let s be w(-6). Suppose -2*c - 9 = -2*b + 11, 0 = -3*c + s. What is the highest common divisor of b and 44?
11
Let h = 633 + -573. Let r be (-10)/1*3/(-2). Calculate the greatest common divisor of r and h.
15
Let m be 12*4/(-8)*(0 - 1). Suppose 5*z - 4 = m*z. Let s be (14/z + 3)*-34. What is the highest common divisor of 17 and s?
17
Suppose 25*b + 3159 = 34*b. Let m be (b/65)/(9/75). Let s(n) = n**2 - 7. Let h be s(5). What is the greatest common factor of m and h?
9
Let x(q) = -q**3 - 8*q**2 - 3*q + 4. Let h be x(-8). Suppose 5*d = -6*d + 2772. What is the greatest common factor of d and h?
28
Let y(a) = 3*a**2 - 55*a + 266. Let h be y(10). What is the highest common divisor of 484 and h?
4
Let c = 19 + -16. Suppose -3*y = 2*q - 42, 3*y + y + 32 = q. What is the greatest common divisor of c and q?
3
Let s(p) = p**3 + 22*p**2 + 45*p + 280. Let b be s(-17). What is the highest common divisor of 11200 and b?
320
Suppose -950*h + 23 = -943*h - 19. Calculate the highest common divisor of 564 and h.
6
Suppose 3*u - 9 = -12. Let t be (20 - 21)*(-4 + (2 - u)). Let a be 35/3 + (-2)/3. Calculate the highest common factor of t and a.
1
Suppose -u = 4*y - 5515, 0 = -54*y + 49*y + 4*u + 6878. What is the greatest common divisor of 130 and y?
26
Let p = -97 + 587. Let t = p + -481. What is the highest common divisor of t and 72?
9
Suppose 5*w + q = 1683, -5*w - 5*q = -3*w - 687. Let o = -6723 + 6744. What is the highest common factor of w and o?
21
Suppose 5*o + 2*h - 21 = 0, -5*h + 6 = 463*o - 466*o. What is the highest common factor of 2973 and o?
3
Suppose 0 = k - 2*m - 10, -6*m = k - 3*m - 10. Suppose -s + 0 = 2. Let f be (-4)/2*25/s. What is the greatest common factor of k and f?
5
Let q be ((-879)/(-2))/((-27)/18 + 3). Suppose 4*h + 4*u = 5*u + q, h - 52 = -4*u. What is the highest common factor of 24 and h?
24
Let d be 3 + -1 + (-3 - -1). Suppose d = -w - 3 + 13. Let r be 4/(-10) + (3/2)/((-545)/(-1962)). What is the highest common factor of w and r?
5
Suppose 4*o = 4*n + 192, -123 = -3583*o + 3580*o - 4*n. What is the highest common divisor of o and 1965?
15
Let t(c) = 10*c + 2. Let x be t(4). Let b(f) = f**2 + 170*f + 6885. Let z be b(-111). What is the highest common divisor of z and x?
42
Suppose -4*q - 15 = -q, 0 = r + 3*q + 6. Suppose 56 + 25 = r*h. Calculate the greatest common divisor of 87 and h.
3
Suppose -52*a + 48569 + 96043 = 0. What is the greatest common factor of 27 and a?
27
Suppose 4 + 7 = -4*z - 5*n, -9 = 3*n. Let w(j) = 3*j + 1. Let s be w(z). Suppose -s*a = -8 - 12. Calculate the greatest common divisor of a and 25.
5
Suppose 2*r - 10 = 0, h - 5 - 7 = -r. Suppose 0 = -h*x + 136 - 3. Calculate the highest common factor of x and 1.
1
Suppose 0*s = 7*s - 35. Let k be 412/28 + 10/35. Calculate the highest common divisor of k and s.
5
Let c be 1956640/200 - (4/(-14) + (-323)/(-665)). Calculate the highest common factor of c and 27.
9
Suppose 5*i + 3*m - 31158 = 0, -2*m = 4*i - 4*m - 24922. Calculate the highest common factor of i and 93.
93
Suppose -4*b - 5*s - 35 = 0, 2*b - 7 = 5*s - 2. Let n be 60 + -2 + b + 2. Calculate the greatest common factor of n and 15.
5
Suppose -8473 = -4*c + p, -28*p + 6345 = 3*c - 32*p. Calculate the highest common factor of 815 and c.
163
Let l be ((-136)/24 - -6)/(1/(-6)). Let y be 814/18 - (l + 200/90). Calculate the greatest common divisor of 9 and y.
9
Let u = 801 + -801. Suppose u = 36*s - 39 - 105. What is the highest common divisor of s and 108?
4
Let m = -273 - -273. Suppose 0 = -3*g + 1 - 16, u - 5*g - 37 = m. What is the highest common factor of 276 and u?
12
Suppose 0 = -128*q + 12*q - 193*q + 2472. Calculate the greatest common divisor of 278 and q.
2
Suppose 13*r - 731 = 9*r - l, l + 1099 = 6*r. What is the greatest common divisor of 51 and r?
3
Let g = -2637 - -4157. Calculate the greatest common factor of g and 285.
95
Let h be (-2)/10 + 90/150 - (-3848)/5. Calculate the greatest common divisor of 630 and h.
70
Let f be 1904/140 + 56/40. What is the highest common factor of f and 1385?
5
Let x be 8/6*(-10152)/(-752). What is the greatest common divisor of x and 207?
9
Suppose f - 45 = u - 15, f = -2*u - 54. Let d = 46 + u. Suppose 4*x + x = 120. Calculate the highest common factor of d and x.
6
Let r be (-7)/2*(21 - 23). Suppose 7*q = 4*q. Suppose 2*t + 3*t - 175 = q. Calculate the highest common divisor of r and t.
7
Suppose -4098 = 2*h - 4164. Suppose -1968 = -5*c + 3*y, -c + 5*y = 3*c - 1564. Calculate the greatest co